the units digit of (6 + -4)*3/h?
2
Let u be (39/(-26))/(3/(-8)). Let n(i) = -1. Let m(w) = 5*w. Let h(p) = 3*m(p) + 6*n(p). What is the tens digit of h(u)?
5
Suppose h - 4*h + 12 = 0. Let g = h + 30. Suppose j - g = -j. What is the tens digit of j?
1
Let s be 1 + 16/6 + 58/(-87). Suppose -579 = -5*u - s*m, 0 = 2*m + 8 - 4. What is the units digit of u?
7
Let w = 840 + 210. Suppose -54*r + 49*r + w = 0. What is the units digit of r?
0
Suppose i + 448 = 2*b - 1853, 0 = -4*b - 5*i + 4609. What is the tens digit of b?
5
Let u(b) = -b**3 - 2*b**2 - 2*b - 2. Let w be u(-2). Let o = 7 - w. Suppose -o = z - 13. What is the units digit of z?
8
Suppose -17*p - 635 = -1876. What is the units digit of p?
3
Suppose 3*m = 7*j - 8*j + 648, -3*j - 1094 = -5*m. What is the hundreds digit of m?
2
Let t = 298 - -559. What is the hundreds digit of t?
8
Suppose -4*c + 534 = k - 5*c, -4*c - 2666 = -5*k. What is the tens digit of k?
3
Let s(n) = -23*n - 14. Let w be s(-6). Let l = w + -115. What is the units digit of l?
9
Let t(j) = -j**2 + 7*j + 3. Let y be t(7). Suppose 2*k + 3*k = 3*b + 194, -b = y. What is the tens digit of k?
3
Let z = -564 + 997. What is the units digit of z?
3
Let o(i) = 14*i**3 - 3*i**2 + i. Let b(f) = -f**3 - 18*f**2 - 2*f - 34. Let x be b(-18). What is the tens digit of o(x)?
0
Let v = -515 - -3508. What is the tens digit of v?
9
Suppose -9*o = -2*o + 7. Let a be o + (-1 + 21 - 4). Suppose -a = -3*b + 21. What is the units digit of b?
2
Let d(l) = 93*l**2. Let x be d(-1). Suppose x + 99 = 4*y. What is the tens digit of y?
4
Let o be 1*0/(-2 + 3). Let l be (o - -9)/((-24)/(-80)). What is the units digit of -36*(l/9 - 4)?
4
Let c(p) be the third derivative of -11*p**4/24 - p**3/3 - 7*p**2. What is the units digit of c(-5)?
3
Suppose h = -5*v - 23, -5*h - 5*v + 3*v = 0. Suppose 3*o + 125 = 2*f, 0*o + 262 = 4*f - h*o. What is the units digit of f?
7
Let b be (-282)/(-12)*((1 - 2) + -1). What is the units digit of 5 + b/9 + (-722)/(-9)?
0
Let o(p) = 279*p + 1. Let y be o(4). Let h = y - 744. Suppose -5*j - 88 = -h. What is the units digit of j?
7
Suppose -9 = 3*l, 4*g - 593 - 802 = 5*l. Let u = -209 + g. What is the units digit of u?
6
Let b(a) = 447*a + 2 - 447*a + 20*a**2. What is the units digit of b(-1)?
2
Let o = 255 - -780. Suppose 5*y - o = -2*q, -1021 = -5*y - 5*q + 14. Suppose -3*h - 33 = -y. What is the units digit of h?
8
Let j = 544 + -561. Let u = -47 - -1. Let s = j - u. What is the units digit of s?
9
What is the tens digit of 5*(-3)/10*(-1840)/6?
6
Let x(r) = 2*r + 31. Let y be x(16). Let q = y + -37. What is the units digit of q?
6
Let l = -13 + 19. Suppose 11 = 5*z - 4*a, -6*a + l = z - 3*a. Suppose -44 = -q - z*q. What is the tens digit of q?
1
Let q = -125 + 128. Suppose 2*x + 4*b = -q*x + 558, 0 = 4*x - 5*b - 430. What is the hundreds digit of x?
1
Let g(v) = 10*v - v**2 + 3 + v + 3*v + 4. Let r be g(14). Suppose u - r - 1 = 0. What is the units digit of u?
8
Suppose 19*c - 10 = 14*c. What is the tens digit of (c + -1)*(223 - (8 - 8))?
2
Let v(k) = -k**2 - 2*k + 133. Suppose -6*g = -0*g. What is the tens digit of v(g)?
3
Let n = -17 + 19. Suppose 3*p - 2*k - 66 = 0, 4*k + 7 = n*p - 45. What is the units digit of p?
0
Let h(u) = u**3 + u + 7. Let t be h(0). Suppose t*d - 4*d = -54. Let b = d + 24. What is the units digit of b?
6
Let u(y) = -9*y - 14. Let t be (-39)/6 - 1/(-2). Let v be u(t). Suppose 0 = 2*d - i - v, -d - 38 = -2*d - 4*i. What is the units digit of d?
2
Let l = -16 - -19. Suppose -5*n = -5*w - 35, -n + 2*w + 1 = l*w. Suppose 0 = -3*m + m + n. What is the units digit of m?
2
Let j = -20 - -28. Suppose -j*v = 164 - 1028. What is the tens digit of v?
0
Let u(n) = 13*n**2 + 7*n - 5. Let k be u(1). What is the tens digit of (15 - k) + (-151)/(1 + -2)?
5
Let t(b) = b + 9. Let w be t(0). Let i(f) = 9*f**2 + 25*f - 7. Let s(m) = 5*m**2 + 13*m - 3. Let j(k) = -6*i(k) + 11*s(k). What is the tens digit of j(w)?
2
Let j(k) = 3*k**2 - 8*k - 8. Let d be j(-5). Suppose -4*y = -d - 229. What is the tens digit of y?
8
Let b(l) = -l**2 - 14*l + 2. Let z be b(-14). Let u be z/2 + -4 + 7. Suppose -7*x = -u*x - 63. What is the tens digit of x?
2
What is the thousands digit of (-7)/(-147)*14*51*43?
1
Suppose -46 = 7*z - 6*z. Let n = z - -67. What is the units digit of n?
1
Let s be (-1 + 236/10)/(10/50). Suppose 40*f - s = 39*f. What is the hundreds digit of f?
1
Let g be 2/(-2) - (-8)/2. Suppose -19 = z - g. What is the units digit of ((-2)/5)/(z/2440)?
1
Let n = -11434 + 17491. What is the units digit of n?
7
Suppose -7285 - 2697 = -23*l. What is the tens digit of l?
3
Let d(m) = 3*m**3 + 106*m**2 - 23*m + 169. What is the tens digit of d(-34)?
7
Let z = -9 + 13. Suppose -z*q + 103 = -197. What is the units digit of q?
5
Let z(h) = -7*h**3 - 2*h**2 - 2*h - 1. Let c(p) = -p**2 - 5*p - 1. Let w be c(-5). Let r be z(w). What is the units digit of (36/14)/(r/56)?
4
Let p be 51/(-3)*(4 - 5). Let u = p - 9. Let w(i) = -i**3 + 7*i**2 + 13*i - 12. What is the units digit of w(u)?
8
Suppose -13*w + 14898 = -7592. What is the thousands digit of w?
1
Let a(c) = -124*c - 442. What is the tens digit of a(-22)?
8
Let w(c) = 123*c - 59. What is the tens digit of w(3)?
1
Let t = 31 + -17. Let w(j) = -j - j + t - 5 + 3*j. What is the units digit of w(-7)?
2
Suppose 2*x = 6*x. Suppose 3*a - i - 329 = -x*a, 5*i + 133 = a. What is the units digit of a?
8
Let u be 2/11 + (-392)/(-22). Let r = 28 + u. Suppose q = 3*x + r, 9*x = 4*x. What is the tens digit of q?
4
Let d(a) = 6*a - 2. Suppose 0 = 4*r - z - 15, -4*r + 14 + 16 = 2*z. What is the units digit of d(r)?
8
Let p be ((-22)/(-8))/(6 + (-125)/20). Let y = 14 + p. What is the units digit of y?
3
Suppose 1298 + 12362 = 10*r. What is the thousands digit of r?
1
Suppose -2*x + 47 = 5*h, 2*h + h - 2*x - 25 = 0. Suppose 0 = -p + h*p. Suppose -5*y = c - 64, 0 = c - p*y - y - 58. What is the units digit of c?
9
Suppose -5*x - 3*v + 0*v + 7 = 0, -4*v - 10 = -3*x. Suppose -4*o + k = 72 + 87, o + k = -41. What is the tens digit of x*(-276)/o*5?
6
Suppose -3*h - 207 = 2*g + 145, 0 = -5*h + 3*g - 555. Let l(o) = o**3 + 4*o**2 + 2*o - 1. Let p be l(-3). What is the tens digit of (p - h/2)/1?
5
Let a(r) = -r**3 + 9*r**2 + 11*r + 10. What is the hundreds digit of a(9)?
1
Suppose -16*n - 5382 = -74550. What is the tens digit of n?
2
Let p(f) = -f**3 + 8*f**2 - 7*f. Let w be p(7). Let u(j) = -j**3 - j**2 + 2*j + 24. What is the units digit of u(w)?
4
Suppose -11 = 5*b - b + 3*d, 9 = -2*b - 5*d. Let f = b + -44. What is the tens digit of (1 + f)/((-24)/16)?
3
Let y = -17 + 17. Suppose -2*x - 3*x = 15, y = -4*p - 4*x - 12. Suppose p = 5*c - 5 - 0, 5*s - 5*c = 5. What is the units digit of s?
2
Suppose -5*q - 13 = 12. Let d = q + 8. What is the tens digit of d/((-9)/6) + 21?
1
Let x = -19 - -19. Suppose x - 3 = -f. Suppose f*q = q + 52. What is the tens digit of q?
2
Let b(d) be the second derivative of -d**2 + 0 - 1/3*d**3 + 6*d. What is the units digit of b(-5)?
8
Let t = 6620 - 3705. What is the tens digit of t?
1
Let o(q) = -q**3 + 12*q**2 + 3*q + 8. Let a be -2 + 14 - (-1 + 0). Let d be o(a). Let s = d + 171. What is the units digit of s?
9
Let p be 8/6*243/18. Suppose 2*r - 20 = 2*y + 16, r + 5*y = p. What is the units digit of (-1)/1 - (1 - r)?
6
Let b(t) = -170*t - 1. Let f(r) = r**2 + 7*r + 11. Let j be f(-4). What is the units digit of b(j)?
9
Let z(w) = w**3 - 9*w**2 + 18*w - 8. What is the tens digit of z(16)?
7
Let p be -2 - -111 - (5 - 4). Suppose -3*t + p = 2*x - 5*t, 2*t = 5*x - 285. What is the tens digit of x?
5
Let u(g) = 11*g - 39. Suppose 3*q - 54 = -3*q. What is the units digit of u(q)?
0
Let u = 106 - 58. Suppose 3*y = -4*q + u, -91 = -5*y - 4*q - 19. What is the tens digit of y?
1
Let i(k) = -2*k + 84. Let a be i(29). Suppose a + 751 = 3*s. What is the tens digit of s?
5
Let v be (0 + 1)*(-2 + 7). Suppose 21*r = -1138 + 7858. Suppose -3*l = v*t - 320, r = 4*t + t - l. What is the units digit of t?
4
Suppose 4992 = 62*c - 38*c. What is the tens digit of c?
0
Let s be -6*10/9*-3. Let n be ((-16)/s)/((-1)/15). What is the tens digit of 1410/27 + n/(-54)?
5
Let c(q) = -q**2 - 12*q + 24. Let g be c(-14). What is the units digit of g*1 + 560/8?
6
Let k(m) = m**2 - 15*m - 15. What is the hundre